{"id":12,"date":"2021-01-23T13:50:30","date_gmt":"2021-01-23T13:50:30","guid":{"rendered":"https:\/\/www.tejutiskola.hu\/wordpress\/?page_id=12"},"modified":"2021-07-26T13:35:03","modified_gmt":"2021-07-26T13:35:03","slug":"bemutatkozas","status":"publish","type":"page","link":"https:\/\/www.tejutiskola.hu\/wordpress\/bemutatkozas\/","title":{"rendered":"Bemutatkoz\u00e1s"},"content":{"rendered":"\n<div class=\"wp-block-media-text alignwide is-stacked-on-mobile is-vertically-aligned-top\"><figure class=\"wp-block-media-text__media\"><img decoding=\"async\" width=\"992\" height=\"975\" src=\"https:\/\/www.tejutiskola.hu\/wordpress\/wp-content\/uploads\/2021\/07\/int-tejut_0.png\" alt=\"\" class=\"wp-image-1935 size-full\" srcset=\"https:\/\/www.tejutiskola.hu\/wordpress\/wp-content\/uploads\/2021\/07\/int-tejut_0.png 992w, https:\/\/www.tejutiskola.hu\/wordpress\/wp-content\/uploads\/2021\/07\/int-tejut_0-300x295.png 300w, https:\/\/www.tejutiskola.hu\/wordpress\/wp-content\/uploads\/2021\/07\/int-tejut_0-768x755.png 768w\" sizes=\"(max-width: 992px) 100vw, 992px\" \/><\/figure><div class=\"wp-block-media-text__content\">\n<p>A r\u00f6viden csak Tej\u00fatnak nevezett kezdem\u00e9nyez\u00e9s eredetileg alap\u00edtv\u00e1nyi, majd k\u00f6zalap\u00edtv\u00e1nyi form\u00e1ban m\u0171k\u00f6d\u00f6tt \u00e9s kezdett\u0151l azt a c\u00e9lt t\u0171zte ki maga el\u00e9, hogy egy olyan alternat\u00edv pedag\u00f3giai m\u00f3dszer kidolgoz\u00e1s\u00e1t seg\u00edtse, amely \u00f6tv\u00f6zi a keleti \u00e9s nyugati pedag\u00f3gia elveit. Annak \u00e9rdek\u00e9ben, hogy az \u0151si hagyom\u00e1nyok &#8211; kit\u00fcntetetten a buddhizmus &#8211; erk\u00f6lcsi, b\u00f6lcseleti \u00e9s gyakorlati tan\u00edt\u00e1sait az iskol\u00e1s kor\u00fa gener\u00e1ci\u00f3nak k\u00f6zvet\u00edthess\u00fck \u00e9s az \u00e1tad\u00e1st el\u0151seg\u00edts\u00fck, elkezdt\u00fck egy buddhista szeml\u00e9let\u0171, nevel\u00e9si \u00e9s k\u00e9pz\u00e9si tananyaggal \u00e9s m\u00f3dszerrel rendelkez\u0151 pedag\u00f3giai program kialak\u00edt\u00e1s\u00e1t.<\/p>\n\n\n\n<p>Ezzel p\u00e1rhuzamosan tan\u00e1r-tov\u00e1bbk\u00e9pz\u00e9seket ind\u00edtottunk, hogy lehet\u0151v\u00e9 v\u00e1ljon egy buddhista szeml\u00e9let\u0171 \u00f3voda \u00e9s 12 oszt\u00e1lyos iskola megalap\u00edt\u00e1sa. Fontos t\u00e1rsadalmi k\u00fcldet\u00e9st l\u00e1tva ebben a megkezdett folyamatban, elk\u00e9sz\u00fclt a Tej\u00fat Buddhista Tanoda alternat\u00edv \u00e1ltal\u00e1nos iskola \u00e9s k\u00f6z\u00e9piskola alapkoncepci\u00f3ja, \u00fajs\u00e1gcikkek sz\u00e1moltak be t\u00f6rekv\u00e9seinkr\u0151l, a Tej\u00fatr\u00f3l ismertet\u0151 filmet mutattak be a Magyar Telev\u00edzi\u00f3ban, riportok, besz\u00e9lget\u00e9sek r\u00e9v\u00e9n m\u00e1s telev\u00edzi\u00f3s \u00e9s r\u00e1di\u00f3csatorn\u00e1k is h\u00edrt adtak kezdem\u00e9nyez\u00e9s\u00fcnkr\u0151l.<\/p>\n\n\n\n<p>A Nemzeti Civil Alapprogramon nyert t\u00e1mogat\u00e1ssal tanulm\u00e1nyutat tehett\u00fcnk az angliai Dharma Schoollal, Eur\u00f3pa egyetlen (als\u00f3 tagozatos \u00e9s az\u00f3ta sajnos megsz\u0171nt) buddhista \u00e1ltal\u00e1nos iskol\u00e1j\u00e1val. Egy eur\u00f3pai uni\u00f3s programban keret\u00e9ben a hazai alternat\u00edv pedag\u00f3giai kezdem\u00e9nyez\u00e9sek egyikek\u00e9nt ismerkedhett\u00fcnk a t\u00f6bbi programmal. 2006-ban jelent meg a Tej\u00fat k\u00f6nyvek k\u00e9t k\u00f6tete: Keleti term\u00e9szeti etika &#8211; k\u00f6rnyezeti nevel\u00e9s, \u00f6kotudatoss\u00e1g; Keleti szeml\u00e9let \u00e9s hagyom\u00e1ny az \u00e9letvezet\u00e9sben c\u00edmekkel.<\/p>\n\n\n\n<p>Buddhista gyerekt\u00e1borainkban alkalmunk ny\u00edlik a folyamatosan csiszol\u00f3d\u00f3 szeml\u00e9let \u00e9s gyakorlatok kipr\u00f3b\u00e1l\u00e1s\u00e1ra \u00e9s alkalmaz\u00e1s\u00e1ra. Az eddigi 28 tavaszi, ny\u00e1ri, \u0151szi gyerekt\u00e1borunkban t\u00f6bb mint 1000 gyermek vett r\u00e9szt, s a ny\u00e1ri t\u00e1boraink egy-egy het\u00e9n m\u00e1r csal\u00e1dok is r\u00e9szt vehetnek a felmer\u00fcl\u0151 ig\u00e9ny \u00e9s \u00e9rdekl\u0151d\u00e9s miatt.<\/p>\n\n\n\n<p>Jelent\u0151s l\u00e9p\u00e9snek bizonyult aTej\u00fat-szeml\u00e9let \u00e9s m\u00f3dszertan tov\u00e1bbi fejleszt\u00e9se \u00e9s terjeszt\u00e9se kapcs\u00e1n, hogy az iskolai fakultat\u00edv hittanoktat\u00e1s keret\u00e9ben egyre t\u00f6bb iskol\u00e1ba h\u00edvj\u00e1k oktat\u00f3inkat. Elk\u00e9sz\u00fclt a Buddhista erk\u00f6lcstanoktat\u00e1s mintatanterve az \u00e1ltal\u00e1nos iskol\u00e1k 1-8. \u00e9vfolyama sz\u00e1m\u00e1ra, megjelentek tank\u00f6nyveink (A Buddha legend\u00e1s \u00e9lete, A buddhista szimb\u00f3lumok vil\u00e1ga) \u00e9s el\u0151k\u00e9sz\u00fcletben van az oktat\u00e1st seg\u00edt\u0151 munkaf\u00fczeteink megjelen\u00e9se.<\/p>\n\n\n\n<p>Az el\u0151z\u0151 tan\u00e9vben (2020-2021) az orsz\u00e1g 73 iskol\u00e1j\u00e1ban 227 csoportnak \u00e9s \u00f6sszess\u00e9g\u00e9ben 633 6-14 \u00e9ves gyermeknek tartott heti rendszeress\u00e9ggel \u00f3r\u00e1t 31 oktat\u00f3nk. A Tej\u00fat buddhista szeml\u00e9lete \u00e9s gyakorlata \u00e9vr\u0151l-\u00e9vre egyre t\u00f6bb gyermekhez jut el.<\/p>\n<\/div><\/div>\n","protected":false},"excerpt":{"rendered":"<p>A r\u00f6viden csak Tej\u00fatnak nevezett kezdem\u00e9nyez\u00e9s eredetileg alap\u00edtv\u00e1nyi, majd k\u00f6zalap\u00edtv\u00e1nyi form\u00e1ban m\u0171k\u00f6d\u00f6tt \u00e9s kezdett\u0151l azt a c\u00e9lt t\u0171zte ki maga el\u00e9, hogy egy olyan alternat\u00edv&hellip;<\/p>\n","protected":false},"author":1,"featured_media":0,"parent":0,"menu_order":0,"comment_status":"closed","ping_status":"closed","template":"","meta":{"footnotes":""},"class_list":["post-12","page","type-page","status-publish","hentry"],"_links":{"self":[{"href":"https:\/\/www.tejutiskola.hu\/wordpress\/bemutatkozas\/wp-json\/wp\/v2\/pages\/12","targetHints":{"allow":["GET"]}}],"collection":[{"href":"https:\/\/www.tejutiskola.hu\/wordpress\/bemutatkozas\/wp-json\/wp\/v2\/pages"}],"about":[{"href":"https:\/\/www.tejutiskola.hu\/wordpress\/bemutatkozas\/wp-json\/wp\/v2\/types\/page"}],"author":[{"embeddable":true,"href":"https:\/\/www.tejutiskola.hu\/wordpress\/bemutatkozas\/wp-json\/wp\/v2\/users\/1"}],"replies":[{"embeddable":true,"href":"https:\/\/www.tejutiskola.hu\/wordpress\/bemutatkozas\/wp-json\/wp\/v2\/comments?post=12"}],"version-history":[{"count":3,"href":"https:\/\/www.tejutiskola.hu\/wordpress\/bemutatkozas\/wp-json\/wp\/v2\/pages\/12\/revisions"}],"predecessor-version":[{"id":1996,"href":"https:\/\/www.tejutiskola.hu\/wordpress\/bemutatkozas\/wp-json\/wp\/v2\/pages\/12\/revisions\/1996"}],"wp:attachment":[{"href":"https:\/\/www.tejutiskola.hu\/wordpress\/bemutatkozas\/wp-json\/wp\/v2\/media?parent=12"}],"curies":[{"name":"wp","href":"https:\/\/api.w.org\/{rel}","templated":true}]}}

Bemutatkozás

<div class="wp-block-media-text alignwide is-stacked-on-mobile is-vertically-aligned-top"><figure class="wp-block-media-text__media"><img decoding="async" width="992" height="975" src="https://www.tejutiskola.hu/wordpress/wp-content/uploads/2021/07/int-tejut_0.png" alt="" class="wp-image-1935 size-full" srcset="https://www.tejutiskola.hu/wordpress/wp-content/uploads/2021/07/int-tejut_0.png 992w, https://www.tejutiskola.hu/wordpress/wp-content/uploads/2021/07/int-tejut_0-300x295.png 300w, https://www.tejutiskola.hu/wordpress/wp-content/uploads/2021/07/int-tejut_0-768x755.png 768w" sizes="(max-width: 992px) 100vw, 992px" /></figure><div class="wp-block-media-text__content">
<p>A röviden csak Tejútnak nevezett kezdeményezés eredetileg alapítványi, majd közalapítványi formában működött és kezdettől azt a célt tűzte ki maga elé, hogy egy olyan alternatív pedagógiai módszer kidolgozását segítse, amely ötvözi a keleti és nyugati pedagógia elveit. Annak érdekében, hogy az ősi hagyományok &#8211; kitüntetetten a buddhizmus &#8211; erkölcsi, bölcseleti és gyakorlati tanításait az iskolás korú generációnak közvetíthessük és az átadást elősegítsük, elkezdtük egy buddhista szemléletű, nevelési és képzési tananyaggal és módszerrel rendelkező pedagógiai program kialakítását.</p>



<p>Ezzel párhuzamosan tanár-továbbképzéseket indítottunk, hogy lehetővé váljon egy buddhista szemléletű óvoda és 12 osztályos iskola megalapítása. Fontos társadalmi küldetést látva ebben a megkezdett folyamatban, elkészült a Tejút Buddhista Tanoda alternatív általános iskola és középiskola alapkoncepciója, újságcikkek számoltak be törekvéseinkről, a Tejútról ismertető filmet mutattak be a Magyar Televízióban, riportok, beszélgetések révén más televíziós és rádiócsatornák is hírt adtak kezdeményezésünkről.</p>



<p>A Nemzeti Civil Alapprogramon nyert támogatással tanulmányutat tehettünk az angliai Dharma Schoollal, Európa egyetlen (alsó tagozatos és azóta sajnos megszűnt) buddhista általános iskolájával. Egy európai uniós programban keretében a hazai alternatív pedagógiai kezdeményezések egyikeként ismerkedhettünk a többi programmal. 2006-ban jelent meg a Tejút könyvek két kötete: Keleti természeti etika &#8211; környezeti nevelés, ökotudatosság; Keleti szemlélet és hagyomány az életvezetésben címekkel.</p>



<p>Buddhista gyerektáborainkban alkalmunk nyílik a folyamatosan csiszolódó szemlélet és gyakorlatok kipróbálására és alkalmazására. Az eddigi 28 tavaszi, nyári, őszi gyerektáborunkban több mint 1000 gyermek vett részt, s a nyári táboraink egy-egy hetén már családok is részt vehetnek a felmerülő igény és érdeklődés miatt.</p>



<p>Jelentős lépésnek bizonyult aTejút-szemlélet és módszertan további fejlesztése és terjesztése kapcsán, hogy az iskolai fakultatív hittanoktatás keretében egyre több iskolába hívják oktatóinkat. Elkészült a Buddhista erkölcstanoktatás mintatanterve az általános iskolák 1-8. évfolyama számára, megjelentek tankönyveink (A Buddha legendás élete, A buddhista szimbólumok világa) és előkészületben van az oktatást segítő munkafüzeteink megjelenése.</p>



<p>Az előző tanévben (2020-2021) az ország 73 iskolájában 227 csoportnak és összességében 633 6-14 éves gyermeknek tartott heti rendszerességgel órát 31 oktatónk. A Tejút buddhista szemlélete és gyakorlata évről-évre egyre több gyermekhez jut el.</p>
</div></div>

<p>A röviden csak Tejútnak nevezett kezdeményezés eredetileg alapítványi, majd közalapítványi formában működött és kezdettől azt a célt tűzte ki maga elé, hogy egy olyan alternatív&hellip;</p>
